en 1236 is divided by n(-9).
6
What is the remainder when 112 is divided by (12 - -2)*(-32)/(150/(-10) - -8)?
48
Suppose 1274 - 1400 = -21*y. Calculate the remainder when 50 is divided by y.
2
Let l(q) = -3*q**3 - 2*q + 2. Suppose 26*u = t + 25*u - 714, -2*t + 4*u = -1436. Calculate the remainder when t is divided by l(-3).
87
Suppose 5*f - 20 = -5*f. Let p(a) = -20 - 205*a + 227*a - 3 - 2*a**f. Calculate the remainder when 48 is divided by p(8).
23
Let f(q) = -2*q**2 + 23*q + 1117. What is the remainder when 5137 is divided by f(30)?
6
Suppose 27*v - 86 - 130 = 0. Suppose -1336 = v*u - 12*u. What is the remainder when u is divided by 8?
6
Suppose -v = 80 - 37. Let y = v + 70. What is the remainder when y is divided by 10?
7
Let s be 1 + 23/5 + (-104)/(-260). Suppose s*u - 77 - 1 = 0. Calculate the remainder when 141 is divided by u.
11
Suppose -665*g + 3*q - 693 = -670*g, -q = -2*g + 286. What is the remainder when 1231 is divided by g?
103
Let u(n) = -342*n - 1702. Let g = 356 + -176. Suppose 3*a = -a + g. Calculate the remainder when a is divided by u(-5).
5
Let y = 74 + -75. What is the remainder when ((-1)/y)/(2184/272 - 8) is divided by 21?
13
Suppose g = 1055 - 227. Let z = -769 + g. What is the remainder when 173 is divided by z?
55
Let z(p) = 286 + 389 - 693 - 6*p. Let t(j) = 4*j. Let s be t(-1). What is the remainder when 11 is divided by z(s)?
5
Let k(g) = 2*g**2 + 8*g + 28. Let q be (-8 - 48)/(-7) - 14. What is the remainder when 206 is divided by k(q)?
50
Let h = -46 + 210. Let g = 89066 + -89033. What is the remainder when h is divided by g?
32
Let n = 446 - 969. Let o = 558 + n. Calculate the remainder when 241 is divided by o.
31
Let f(p) = p**3 + p**2 - 23*p + 50. What is the remainder when 150 is divided by f(0)?
0
Let j = 165 + -10. Suppose -6*i - j = -47. Let a = 32 + i. What is the remainder when 123 is divided by a?
11
Let q(h) = 3*h - 71. Let a be q(25). Suppose -4*t - 153 = -2*y + 1, a*t = -4*y + 260. Calculate the remainder when y is divided by 18.
15
Let k(g) = 564*g - 2668. What is the remainder when 1062 is divided by k(5)?
150
Suppose -4*b + b = 0. Suppose 4*t = -b*t - 2*o - 2, t + 3*o = -13. Suppose 5*d - 21 = -t*d. What is the remainder when 6 is divided by d?
0
Let w(r) = -40*r - 158. Suppose 9*b + 192 = 12*b. Calculate the remainder when b is divided by w(-5).
22
Suppose 5*c - 15 - 10 = 0. Suppose -c*g - 21 = -2*t - 2*t, 4*t + g = 39. Suppose 27*i - 2202 + 339 = 0. What is the remainder when i is divided by t?
6
Suppose -7*m = -207 + 54 - 190. Calculate the remainder when 183 is divided by m.
36
Let c be (-6 - -6)*(-2)/(-10). Suppose 37*m - 44*m + 112 = c. What is the remainder when m is divided by 4?
0
Let l(i) = -13*i**3 + i**2 + 2*i + 1. Let b(o) = -o**3 + 12*o**2 - 76*o + 751. Calculate the remainder when b(11) is divided by l(-1).
10
Let h(v) = 47*v + 2833. Calculate the remainder when 334 is divided by h(-60).
9
Calculate the remainder when 1588 is divided by 12/(-5)*(26/(-8) + 2) + 394.
0
Suppose 434*j + 54546 = 4*d + 429*j, -4*d + 3*j = -54542. What is the remainder when d is divided by 27?
26
Suppose -853 = -5*p - 2*f, -3*p + 0*p + 509 = 4*f. Suppose p = 6*t - 33. What is the remainder when t is divided by 9/(-15) + (-279)/(-15)?
16
Let s = -74 - -8. Let r = s + 69. Suppose 14*z - r*z = 275. What is the remainder when 99 is divided by z?
24
Let i = 108 - -106. Calculate the remainder when i is divided by (23 - (1 - 2)) + 3.
25
Suppose -4*s + 294 - 194 = 0. Suppose -10*p - 225 = -s*p. What is the remainder when 52 is divided by p?
7
Let z(r) = -3214*r - 392. What is the remainder when z(-2) is divided by 151?
147
Suppose 5*g - x = 3*x + 1466, 3*x = -12. Let m = g + -200. Calculate the remainder when m is divided by 68/(9 - 5) - (7 - 3).
12
Suppose 3*c = -c + 1396. Suppose -62*t + 177 = -56*t - 3*t. Calculate the remainder when c is divided by t.
54
Let t = -338 + 340. Let s(c) = 5*c**3 - 3*c**2 + 4*c - 4. Calculate the remainder when 157 is divided by s(t).
29
Let q(l) = 102 + l**2 - 6 + 8. What is the remainder when q(0) is divided by 53?
51
Suppose -9*u + 26 = -82. Let v be (u/10)/(21/1820). Suppose v = 4*l - 2*l. Calculate the remainder when l is divided by 6.
4
Let z(l) = l**2 + 56*l - 109. Calculate the remainder when 477 is divided by z(9).
1
Let w(g) = -2*g + 2. Let b be w(7). Let z(o) = 10 + 14*o**2 + 3*o + o**3 - 4*o**2 - 15*o - 12*o. Calculate the remainder when z(b) is divided by 10.
0
Let j be 6/(-1)*2/4*-1. Suppose j*p - 140 - 139 = 0. Suppose p = 2*i + i. What is the remainder when i is divided by 11?
9
Let g(z) = z**3 - 4*z**2 - 5*z - 3. Let u(k) = k**2 + 3*k + 14. Suppose -4*h = -w + 16, h + 0*h - 5 = -2*w. What is the remainder when g(6) is divided by u(h)?
11
Let q(c) = c**2 + 21*c + 74. Let z be q(-21). Let t = 36 + z. What is the remainder when t is divided by 41?
28
Let z(f) be the first derivative of -2*f**2 - 79*f - 232. What is the remainder when 33 is divided by z(-21)?
3
Let f be (-2)/2 + -1 + -3. Let j(x) = -2*x - 5. Calculate the remainder when (21 - (11 + -1)) + (-4)/2 is divided by j(f).
4
Let f = -97 + 184. Let i = -38 + 67. Suppose 4*o - 59 - i = 0. What is the remainder when f is divided by o?
21
Suppose -33 + 49 = 4*c. What is the remainder when (c + 170)*(7/2 + -3) is divided by 15?
12
Suppose -122*o + 103204 + 166050 = 0. Calculate the remainder when o is divided by 46.
45
Let s(o) = -33*o**3 - 33*o + 0*o**2 + 7*o**2 + 0*o**2 + 19*o**3 + 15*o**3. What is the remainder when s(4) is divided by 18?
8
Suppose -2*y + 1230 = 3*y. Let w = y + -240. Suppose 3*h = 25 - 19. What is the remainder when w is divided by h?
0
Let m be (-535)/(-10) + (6/4)/(-3). Suppose -m*q = -62*q + 81. Calculate the remainder when 2 - (-2 - 12) - -1 is divided by q.
8
Let u(p) = p**2 + 5*p - 11. Let s = 16 - 24. Let w = 4918 - 4900. What is the remainder when w is divided by u(s)?
5
Let k = -74 + 193. Let j(z) = -7*z - 6. Let f be j(-4). Suppose f*o = 23*o - k. Calculate the remainder when o is divided by 42.
35
Suppose -12 + 0 = -2*c. What is the remainder when 35 is divided by ((-3)/(-2))/((30/c)/30)?
8
Let b = 6566 + -6546. Calculate the remainder when 7558 is divided by b.
18
Let o(m) = -m**3 - 6*m**2 - m + 4. Let t be o(-4). Let q = -690 - -826. Calculate the remainder when q is divided by 18/t - 143/(-4).
31
Let z be (-6948)/90*(-5)/(-2). Let k = -179 - z. Calculate the remainder when 179 is divided by k.
11
Let t(o) = -7*o**3 - 21*o**2 - 127*o - 11. Calculate the remainder when t(-9) is divided by 13.
10
Calculate the remainder when (-4)/14 + (-36006)/(-168)*4 is divided by 7.
3
Suppose 5*y + k - 265 = 3*k, -5*k = -5*y + 265. What is the remainder when y is divided by 9?
8
Let w = 78 + -78. Let o = 22 + w. Suppose -2*i + 5*l = -22, -2*i + 0*l - 2*l + o = 0. Calculate the remainder when i is divided by 7.
4
Let a(z) = 10*z - 14. What is the remainder when a(12) is divided by (-4)/((-1)/(21 - 17))?
10
Let h be 11/(66/195)*(-4)/5. Calculate the remainder when 117/h*(-104)/6 is divided by 5.
3
Suppose 6 = 3*b - x - 37, -4*x = -5*b + 60. What is the remainder when 15/(300/170)*10 is divided by b?
5
Suppose 2*n - 7 = 1. Suppose 544 = -n*q + 5*v, 2*v + 151 - 28 = -q. Let y = 186 + q. What is the remainder when y is divided by 16?
7
Let p(q) = q**3 - 14*q**2 + 2*q - 26. Let m be p(14). Suppose -42 - m = -u. Suppose 0 = 6*y + 174 - 948. Calculate the remainder when y is divided by u.
41
What is the remainder when 156 is divided by (-1)/((-11208)/(-1020) - 11)?
71
Let v be (-28)/(164/160 + -1). Let x = -911 - v. Calculate the remainder when x is divided by 29.
6
Let z(q) = -35*q - 699. Calculate the remainder when z(-23) is divided by 24.
10
Let d = 121 - 0. Let s = 133 - d. What is the remainder when 118 is divided by s?
10
Let y(t) = 258*t - 2414. Calculate the remainder when y(14) is divided by 581.
36
Let b = 474 + -319. Let o = b + -24. Calculate the remainder when o is divided by 17.
12
Suppose -33 = -r - 4. Let p be (176/220)/(2/5). Suppose -3*u - 5 = -4*u - p*d, 46 = 5*u + 3*d. What is the remainder when r is divided by u?
7
Let b = 11752 - 11750. What is the remainder when 87 is divided by b?
1
Let y(m) = -11*m + 28. Let n be y(2). Suppose 0 = -g + x + n, x + 31 = 3*g + 11. Calculate th